65 divide 608985?
True
Does 545 divide 1400105?
True
Is 39 a factor of 16930?
False
Is 3183 a multiple of 70?
False
Is 3404430 a multiple of 30?
True
Is 961114 a multiple of 25?
False
Is 153 a factor of 107253?
True
Is 5 a factor of 23740?
True
Does 17 divide 797606?
True
Is 78 a factor of 110604?
True
Does 36 divide 375175?
False
Does 19 divide 24073?
True
Does 71 divide 266413?
False
Does 165 divide 1155?
True
Does 502 divide 723884?
True
Does 176 divide 544192?
True
Is 1047627 a multiple of 13?
False
Is 2339479 a multiple of 398?
False
Is 26468 a multiple of 51?
False
Does 14 divide 879393?
False
Is 22 a factor of 47552?
False
Is 29 a factor of 3205167?
True
Is 62 a factor of 334056?
True
Is 905 a factor of 3998743?
False
Is 313 a factor of 226612?
True
Is 2191629 a multiple of 11?
True
Does 560 divide 70164?
False
Is 6 a factor of 304548?
True
Is 622620 a multiple of 15?
True
Does 405 divide 2533680?
True
Is 4372 a multiple of 3?
False
Is 28 a factor of 499156?
True
Does 20 divide 48462?
False
Is 485313 a multiple of 15?
False
Does 2 divide 67?
False
Does 266 divide 3166996?
True
Is 1437 a factor of 15878887?
False
Does 132 divide 55380?
False
Is 2567441 a multiple of 601?
False
Is 18128209 a multiple of 283?
False
Is 265 a factor of 1344946?
False
Does 67 divide 61506?
True
Does 93 divide 72540?
True
Is 21 a factor of 281925?
True
Does 171 divide 2725056?
True
Is 123624 a multiple of 51?
True
Is 247400 a multiple of 10?
True
Is 34 a factor of 384472?
True
Is 142659 a multiple of 11?
True
Does 98 divide 12107698?
False
Is 2 a factor of 5040?
True
Is 133 a factor of 32319?
True
Does 12 divide 2547672?
True
Is 116 a factor of 834442?
False
Is 74852 a multiple of 21?
False
Does 157 divide 129495?
False
Is 4 a factor of 171388?
True
Is 53 a factor of 148294?
True
Is 18 a factor of 48312?
True
Does 209 divide 5458914?
False
Is 2866184 a multiple of 4?
True
Is 2306279 a multiple of 64?
False
Is 1287508 a multiple of 218?
True
Is 23 a factor of 40227?
True
Does 14 divide 1647828?
True
Does 43 divide 23908?
True
Is 758239 a multiple of 67?
True
Is 68 a factor of 12535?
False
Does 216 divide 227938?
False
Is 85 a factor of 13574755?
True
Is 1939 a factor of 8450162?
True
Is 207564 a multiple of 175?
False
Is 157236 a multiple of 6?
True
Is 216 a factor of 4401082?
False
Is 22 a factor of 475992?
True
Does 10 divide 54496?
False
Does 6 divide 187373?
False
Is 15271552 a multiple of 1832?
True
Is 4128993 a multiple of 33?
True
Is 311332 a multiple of 2?
True
Does 28 divide 254654?
False
Is 8 a factor of 4896?
True
Is 251811 a multiple of 63?
True
Is 264332 a multiple of 34?
False
Is 795029 a multiple of 43?
False
Does 14 divide 115740?
False
Does 4 divide 425724?
True
Does 97 divide 138516?
True
Does 52 divide 903844?
False
Does 1598 divide 9824504?
True
Is 55766 a multiple of 6?
False
Is 30 a factor of 11783010?
True
Does 16 divide 109952?
True
Does 11 divide 93984?
True
Is 12350 a multiple of 10?
True
Is 62985 a multiple of 195?
True
Is 13 a factor of 259766?
True
Does 24 divide 69672?
True
Does 12 divide 6650324?
False
Is 174264 a multiple of 53?
True
Is 1249436 a multiple of 457?
False
Does 46 divide 175514?
False
Is 502554 a multiple of 415?
False
Is 12 a factor of 2072728?
False
Is 167349 a multiple of 91?
True
Is 481 a factor of 523030?
False
Does 4 divide 1120408?
True
Is 5 a factor of 58390?
True
Is 60062 a multiple of 37?
False
Is 668084 a multiple of 32?
False
Does 351 divide 229297?
False
Is 243 a factor of 59049?
True
Does 15 divide 928765?
False
Does 13 divide 1824667?
True
Is 17626 a multiple of 2?
True
Is 9832512 a multiple of 1992?
True
Is 2419 a multiple of 41?
True
Is 19 a factor of 12298781?
False
Is 57603 a multiple of 4?
False
Is 1321704 a multiple of 58?
True
Is 254980 a multiple of 1159?
True
Does 238 divide 1364454?
True
Is 1439400 a multiple of 111?
False
Is 1684740 a multiple of 172?
True
Is 15 a factor of 8191782?
False
Is 25 a factor of 1990892?
False
Is 23 a factor of 7981?
True
Is 15 a factor of 898680?
True
Is 457 a factor of 3081551?
True
Does 10 divide 301612?
False
Does 75 divide 113869?
False
Is 757483 a multiple of 12?
False
Is 2 a factor of 2218951?
False
Is 342336 a multiple of 96?
True
Is 80 a factor of 25611?
False
Is 954992 a multiple of 68?
True
Is 2 a factor of 1544?
True
Is 1296039 a multiple of 61?
False
Is 63715 a multiple of 69?
False
Is 939168 a multiple of 793?
False
Is 2233612 a multiple of 62?
True
Is 75 a factor of 946801?
False
Is 377 a factor of 962209?
False
Is 4002545 a multiple of 54?
False
Is 2195640 a multiple of 684?
True
Does 51 divide 608980?
False
Is 391 a factor of 929605?
False
Is 9861185 a multiple of 43?
False
Is 397 a factor of 643934?
True
Does 12 divide 818140?
False
Does 342 divide 646875?
False
Does 57 divide 138473?
False
Is 100155 a multiple of 14?
False
Does 4 divide 5075?
False
Is 189 a factor of 109431?
True
Is 945120 a multiple of 15?
True
Is 1820320 a multiple of 387?
False
Does 1063 divide 9322076?
False
Is 12 a factor of 169590?
False
Is 418 a factor of 2033570?
True
Does 344 divide 432233?
False
Is 759 a factor of 12147584?
False
Is 50 a factor of 3040450?
True
Is 1224911 a multiple of 16?
False
Is 7678880 a multiple of 11?
True
Is 8890614 a multiple of 18?
True
Does 618 divide 5902293?
False
Does 486 divide 2133815?
False
Is 237460 a multiple of 21?
False
Is 439768 a multiple of 28?
True
Is 620493 a multiple of 321?
True
Does 12 divide 92280?
True
Is 3 a factor of 18960?
True
Is 141620 a multiple of 9?
False
Is 511586 a multiple of 229?
True
Is 503 a factor of 194565?
False
Is 256440 a multiple of 24?
True
Does 87 divide 356200?
False
Does 639 divide 854343?
True
Is 4 a factor of 858888?
True
Is 5170242 a multiple of 1767?
True
Does 345 divide 519221?
False
Is 71 a factor of 293727?
True
Does 59 divide 3394512?
False
Is 4389 a multiple of 18?
False
Does 89 divide 53578?
True
Does 206 divide 291297?
False
Does 65 divide 4162726?
False
Is 2 a factor of 10125?
False
Is 3259291 a multiple of 17?
True
Is 5923956 a multiple of 1207?
True
Does 51 divide 1317585?
True
Is 810622 a multiple of 48?
False
Is 35 a factor of 66465?
True
Is 13 a factor of 1416142?
True
Is 296869 a multiple of 344?
False
Does 56 divide 14516040?
True
Does 1444 divide 21802956?
True
Does 24 divide 11208931?
False
Is 24 a factor of 345795?
False
Is 23 a factor of 4235144?
False
Is 395703 a multiple of 571?
True
Is 198673 a multiple of 644?
False
Is 7 a factor of 32634?
True
Does 376 divide 1447224?
True
Is 4655 a multiple of 3?
False
Is 2941313 a multiple of 24?
False
Is 130652 a multiple of 44?
False
Is 4 a factor of 2833476?
True
Does 319 divide 2746074?
False
Does 198 divide 24195907?
False
Does 494 divide 3599778?
True
Is 356236 a multiple of 166?
True
Is 23 a factor of 3546516?
False
Is 106 a factor of 2117831?
False
Does 318 divide 189703?
False
Does 113 divide 468597?
False
Is 28 a factor of 226716?
True
Does 16 divide 106768?
True
Is 5 a factor of 456620?
True
Does 7 divide 125811?
True
Is 8 a factor of 656543?
False
Does 89 divide 193227?
False
Does 10 divide 133840?
True
Is 7256491 a multiple of 1755?
False
Does 9 divide 12666303?
True
Does 33 divide 742566?
True
Is 23 a factor of 126500?
True
Is 6724160 a multiple of 31?
False
Is 2 a factor of 381624?
True
Is 126 a factor of 53046?
True
Is 105369 a multiple of 103?
True
Does 336 divide 7626814?
False
Does 1317 divide 4944278?
False
Is 2442288 a multiple of 328?
True
Is 564588 a multiple of 11?
False
Does 13 divide 93437?
False
Is 53 a factor of 1165788?
True
Is 34628 a multiple of 88?
False
Is 48 a factor of 729407?
False
Does 3 divide 52622?
False
Is 5361 a multiple of 135?
False
Does 16 divide 967338?
False
Does 20 divide 166341?
False
Does 285 divide 153615?
True
Does 8 divide 18715120?
True
Does 61 divide 13359?
True
Is 496032 a multiple of 3?
True
Does 17 divide 2531901?
False
Is 487511 a multiple of 62?
False
Does 26 divide 5283694?
True
Is 40 a factor of 237040?
True
Is 5797713 a multiple of 2011?
True
Is 622847 a multiple of 14?
False
Does 10 divide 251240?
True
Is 23 a factor of 125948?
True
Is 144682 a multiple of 2?
True
Is 11 a factor of 6276?
False
Is 1116288 a multiple of 136?
True
Is 182 a factor of 25662?
True
Is 35 a fa